{"id":57,"date":"2012-08-16T08:27:18","date_gmt":"2012-08-16T08:27:18","guid":{"rendered":"http:\/\/musikalische-stadtfuehrung.de\/?page_id=57"},"modified":"2012-09-12T17:15:31","modified_gmt":"2012-09-12T17:15:31","slug":"horbeispiele","status":"publish","type":"page","link":"http:\/\/musikalische-stadtfuehrung.de\/?page_id=57","title":{"rendered":"H\u00f6rbeispiele"},"content":{"rendered":"<p><a href=\"http:\/\/musikalische-stadtfuehrung.de\/wp-content\/uploads\/2012\/08\/F\u00fcnf-stolze-T\u00fcrme3.mp3\">F\u00fcnf stolze T\u00fcrme<\/a> <a href=\"http:\/\/musikalische-stadtfuehrung.de\/wp-content\/uploads\/2012\/08\/F\u00fcnf-stolze-T\u00fcrme2.mp3\"><\/a><a href=\"http:\/\/musikalische-stadtfuehrung.de\/wp-content\/uploads\/2012\/08\/Stadtwappen.wma\">Stadtwappen<\/a> F<a href=\"http:\/\/musikalische-stadtfuehrung.de\/wp-content\/uploads\/2012\/08\/An-derSaale-hellemStrande.wma\">An derSaale hellemStrande<\/a> \u00fcnf stolze T\u00fcrme<\/p>\n","protected":false},"excerpt":{"rendered":"<p>F\u00fcnf stolze T\u00fcrme Stadtwappen FAn derSaale hellemStrande \u00fcnf stolze T\u00fcrme<\/p>\n","protected":false},"author":1,"featured_media":0,"parent":0,"menu_order":0,"comment_status":"closed","ping_status":"closed","template":"","meta":[],"_links":{"self":[{"href":"http:\/\/musikalische-stadtfuehrung.de\/index.php?rest_route=\/wp\/v2\/pages\/57"}],"collection":[{"href":"http:\/\/musikalische-stadtfuehrung.de\/index.php?rest_route=\/wp\/v2\/pages"}],"about":[{"href":"http:\/\/musikalische-stadtfuehrung.de\/index.php?rest_route=\/wp\/v2\/types\/page"}],"author":[{"embeddable":true,"href":"http:\/\/musikalische-stadtfuehrung.de\/index.php?rest_route=\/wp\/v2\/users\/1"}],"replies":[{"embeddable":true,"href":"http:\/\/musikalische-stadtfuehrung.de\/index.php?rest_route=%2Fwp%2Fv2%2Fcomments&post=57"}],"version-history":[{"count":7,"href":"http:\/\/musikalische-stadtfuehrung.de\/index.php?rest_route=\/wp\/v2\/pages\/57\/revisions"}],"predecessor-version":[{"id":185,"href":"http:\/\/musikalische-stadtfuehrung.de\/index.php?rest_route=\/wp\/v2\/pages\/57\/revisions\/185"}],"wp:attachment":[{"href":"http:\/\/musikalische-stadtfuehrung.de\/index.php?rest_route=%2Fwp%2Fv2%2Fmedia&parent=57"}],"curies":[{"name":"wp","href":"https:\/\/api.w.org\/{rel}","templated":true}]}}

Hörbeispiele

<p><a href="http://musikalische-stadtfuehrung.de/wp-content/uploads/2012/08/Fünf-stolze-Türme3.mp3">Fünf stolze Türme</a> <a href="http://musikalische-stadtfuehrung.de/wp-content/uploads/2012/08/Fünf-stolze-Türme2.mp3"></a><a href="http://musikalische-stadtfuehrung.de/wp-content/uploads/2012/08/Stadtwappen.wma">Stadtwappen</a> F<a href="http://musikalische-stadtfuehrung.de/wp-content/uploads/2012/08/An-derSaale-hellemStrande.wma">An derSaale hellemStrande</a> ünf stolze Türme</p>

<p>Fünf stolze Türme Stadtwappen FAn derSaale hellemStrande ünf stolze Türme</p>
